 4)?
16
What is (2 + -14 - -13) + (3 - 3) + 0?
1
What is -3 + (-13 - -29 - 4)?
9
Evaluate 21 + -5 + (26 - 33).
9
2 - (-3 + -6 + 2)
9
(6 + -6 + 2 - 8) + 0
-6
Evaluate -8 + 4 + -15 + 16.
-3
-9 - ((-56 - -40) + 0 + 12)
-5
Calculate (14 - (7 + -12 + 11)) + 6 + 2.
16
-3 - (26 + 3 + (59 - 73))
-18
What is the value of 4 + -14 + -10 + 35?
15
What is the value of 3 + 5 + -12 + (-2 - (5 - 8))?
-3
What is the value of (-21 - -30) + -2 + -11 + 1 + -6?
-9
What is 15 + (-20 - (3 - 37)) + (8 - 1)?
36
Calculate (-7 + -6 + 8 - 5) + 9.
-1
Calculate (4 + -10 + 5 - 4) + -4 + -3.
-12
Evaluate (-9 - ((-1 - (-3 - 2)) + -10)) + 5.
2
What is 11 + (2 - -1) + -11 + 5 + -18?
-10
11 + 4 + -78 + 49
-14
Calculate 0 - -1 - (35 + -47 - -13).
0
Calculate -27 - (-11 + 12) - (1 - 12).
-17
19 - (35 + (17 - 32))
-1
8 + (-1 - 3) + -9 + (-2 - -9)
2
What is the value of (-28 + 11 - -12) + (16 + 0 - 2)?
9
1 + 4 - (29 + -29)
5
Calculate -1 + 27 + (-59 - -7).
-26
Calculate 33 + 23 + 42 + -78.
20
3 + 1 + -3 + (-10 - 7)
-16
(454 - 444) + 1 + (2 - 2)
11
What is the value of -27 - (-35 - -64 - 30)?
-26
(7 - 15 - -6) + -1 + 8
5
(-11 - -6 - -2) + -69 + 53
-19
Evaluate 25 + 0 + 18 + -47.
-4
11 + (-14 + (-16 - -4) - -1)
-14
Calculate 11 + 18 + -11 + 3 + 8 + -7.
22
What is the value of -1 + 21 + (-31 + 27 - 3)?
13
14 - ((-9 - (-5 - -7)) + -16 + 21)
20
Calculate -15 + (33 - (-1 - 1)).
20
-2 + 49 + -20 - 16
11
What is -2 - (1 + 1) - (130 + -135)?
1
Calculate 6 + 0 + -1 - (-80 - -99) - -9.
-5
-96 - -81 - (5 + -22)
2
What is the value of 17 - 1 - (-87 + 93)?
10
What is -16 - (-9 + (-8 - -13))?
-12
What is the value of (1 + -8 + 14 - 5) + -1?
1
What is -10 + 11 + (14 - -1 - (-14 + 19))?
11
Evaluate 10 - (31 + (-22 - -10)).
-9
What is 6 - 15 - (19 + -18)?
-10
What is the value of (4 - (-8 + 15)) + 6 + 2?
5
Evaluate 5 - ((7 - 1) + (70 - 62)).
-9
Calculate 22 + -19 + -10 + 17.
10
Calculate (0 - (0 - -7)) + -674 + 673.
-8
Calculate (-5 + 8 - -9) + -17 - 10.
-15
Calculate (-4 - (-8 - -7)) + 5 + 3 + -13.
-8
What is the value of (-357 - -369) + (2 + 0 - 0)?
14
Evaluate -10 + (14 + 1 - 11).
-6
What is the value of 7 + (-18 - 12) - -42?
19
What is the value of -7 - (3 - (14 + 2 + (-5 - 2)))?
-1
-18 + (12 - 0) + 10 - 8 - -29
25
Calculate -18 + -12 + -5 + 20.
-15
Calculate 1 + (0 - -14) - ((5 - 0) + -3).
13
-12 + 17 + 8 + 0
13
What is -1 + (-4 - (-4 - (-1 - 5)))?
-7
Calculate 12 + -3 - (-17 + 11) - 6.
9
Evaluate (-4 - -7) + (-41 - -40).
2
What is the value of (26 - (-2 + (-6 - -5) + -1)) + -11?
19
3 + (-3 + 17 - 12)
5
Calculate 2 - 22 - (26 - (19 - -9)).
-18
Evaluate 0 + 23 + -10 + 22.
35
What is the value of -10 - ((0 - 3 - 2 - 2) + 1)?
-4
What is 0 - 3 - (-16 - (-21 + 9))?
1
What is the value of 27 - (26 + -3 + -12)?
16
What is 11 - -2 - (3 - -7 - 7)?
10
What is the value of (-9 + 2 - -2) + 2 + (-35 - -20)?
-18
Evaluate (7 - (-7 - -15)) + 8 + (2 - -14).
23
What is 4 + -8 + (13 - 3) + -19?
-13
What is the value of ((-6 - -17) + -7 - -1) + (-6 - -16)?
15
What is 0 + -15 - (-328 - -314)?
-1
Evaluate -27 - (-8 - (14 - 5)).
-10
Evaluate (6 - 27 - -6) + 14 - (2 - -6).
-9
(-16 - -4 - -31) + -27
-8
What is the value of 10 - (7 - (10 - 13))?
0
What is the value of 86 + -85 - (-9 - 8)?
18
-6 + (26 - (13 + -6)) + -4
9
What is (-13 - -36) + -12 + (0 - -4) + -4?
11
What is the value of (3 - 4) + (-9 - 3 - -3) + 5?
-5
11 + 3 + -10 + (0 - 11) - 17
-24
Calculate (-8 + 2 - -1) + (-6 - -17 - -7).
13
10 + (-2 - 11) + (16 - 21)
-8
What is the value of 35 + -72 + (-3 - -37)?
-3
-3 + 0 + (-15 - -11) + 8
1
(-2 - (4 - 9)) + 8 + (-2 - 3)
6
-3 - -20 - 9 - 4 - (-1 + -5)
10
17 - (-2 - 3 - -11 - 2)
13
What is 11 + -9 + -29 - -15?
-12
(1 + (-5 - -5) - 5) + 30 - -3
29
What is 7 - (5 - 3) - -1 - (-43 - -38)?
11
Evaluate 13 - 8 - (10 - 11 - 2 - -42).
-34
Evaluate (9 - 27 - -19) + -1 + 3.
3
What is the value of 13 + 17 - (8 - -36)?
-14
13 - -1 - (19 - 14) - -5
14
What is 36 - (57 + 7) - 7?
-35
What is 4 + -7 + -124 + 143?
16
Calculate (11 + 0 - (-107 - -111)) + -25 - 2.
-20
What is (-3 - 6) + 18 - (-5 + -2)?
16
What is the value of 0 + 7 - (-2 - (1 + 1) - -2)?
9
What is the value of 4 - (-5 + 11 + -8 - (-9 + 9))?
6
8 - (-8 + (-9 - -12))
13
-1 - (16 - 1 - ((-8 - 11) + 26))
-9
What is the value of -5 + 9 + 0 + (10 - 19) - -17?
12
What is the value of -28 + 11 + 30 + 0?
13
What is -7 + 4 + 14 - -15?
26
Evaluate 0 + -2 + (-8 - -3) + 2.
-5
What is the value of (-7 - -12) + (1 - 15) + 48 + -24?
15
What is -4 - -14 - (78 - 75)?
7
What is 19 - 35 - 12 - -18?
-10
Calculate 1 - 32 - (7 + -25).
-13
Calculate 29 + -48 - -13 - -24.
18
What is (62 - 69) + (2 + 19 - 3)?
11
What is the value of 6 + ((-2 - 1) + -1 + 0 - -7)?
9
What is the value of (4 + -3 + -7 - (1 + 1)) + -3?
-11
What is the value of -7 + (31 - 5) - (-12 - -4 - -9)?
18
What is the value of (-9 - 16) + 23 + 4?
2
What is 5 + (3 - 5) + (11 - 15) - -3?
2
Evaluate (31 - 27 - (-10 + 4 - -3)) + -19.
-12
Evaluate 32 + (7 - -1) + -17 + 0 + 0.
23
Calculate (-2 - (3 + 9 + -14)) + -14.
-14
What is the value of 0 - (-7 - (1 + -3 - 5 - 0))?
0
What is the value of 5 - ((-8 - 15) + 9)?
19
Evaluate -14 + 1 + 2 + (-16 - -19).
-8
Evaluate 4 + (-23 - -18) + (-2 - -2).
-1
Calculate -16 - 0 - (2 + 2 + 6 + -16).
-10
What is the value of -16 + 3 - -20 - (-6 + -1)?
14
(30 - 74 - -20) + 31
7
-38 + (10 - -25) + (-3 + 1 - 5)
-10
-25 - (-53 - -23) - 6
-1
What is the value of -5 - (-1 + (2 - 2) - (-46 - -40))?
-10
What is the value of 4 - (6 + -13 + (6 - 1 - 9))?
15
Evaluate 17 + (23 - 69) - -19.
-10
8 - (-21 + (4 - 7 - -12))
20
23 + (-14 - (-15 - -16))
8
What is (-1 - -8) + -4 + -24 + 47?
26
Calculate 6 + (4 - 9) - (-16 - -10 - 3).
10
Calculate 0 - -11 - (219 + -205).
-3
(-4 - (6 - 9)) + -3 + 10
6
What is 280 + -292 + -1 + 1 + -2?
-14
14 - (20 - (-12 + 18))
0
(1 - (-24 + 12)) + -26
-13
Calculate (-5 - (-4 + 4)) + (-37 - -45).
3
Evaluate -2 + 7 + -1 + (-5 - -13).
12
What is (-4 - (30 + -4)) + 15?
-15
What is 0 - (-4 - 7) - (6 - 5)?
10
What is 30 + -32 - (7 - 5)?
-4
What is the value of 3 + -15 + (0 - (-1 + -8))?
-3
Evaluate (9 - 3) + -11 + 2 - 15 - -7.
-11
-1 - (5 + -13) - 15
-8
What is the value of -5 - ((-1 - 12) + -1 - (6 - -4))?
19
344 - 354 - (0 + -7)
-3
Evaluate 11 + (18 - 41) - (-3 - 19).
10
Evaluate 4 - (1 + 2) - (12 - 17).
6
-14 - -35 - 18 - (-3 + 1)
5
Calculate -9 + (-6 - (-11 - 7)).
3
What is -12 - ((30 - 12) + -19)?
-11
Evaluate 17 + 19 + -8 + 12 + -2.
38
What is -6 + 6 + 1 + (7 + 5 - 10)?
3
Calculate -37 - -44 - (-1 - (5 - -3)).
16
What is -10 + 12 - 16 - (2 - 11 - -3)?
-8
23 + (-61 - (-38 + 6))
-6
What is the value of 23 + -30 - (0 + 2 + -8)?
-1
-12 + (17 - -25) - (-4 + 2)
32
Calculate -4 + 0 + 30 - 13 - 9.
4
Evaluate -14 - (-7 - 16) - (1 - 0).
8
21 - (24 + 4 + -21)
14
Evaluate -4 + 13 + 4 + -7 + -10 + -2.
-6
Evaluate 1 + (1 + 3 - 5) - -5.
5
What is the value of ((4 - -2) + -4 - 5) + -5 + 5?
-3
Evaluate 30 - 20 - (3 + 13).
-6
Evaluate 45 + -9 + 0 + -9.
27
Calculate 25 - ((8 - -27) + -6).
-4
Calculate (14 - 26) + (1 - (-5 - -3)).
-9
Calculate -1 + 9 + 37 + -44.
1
What is the value of 11 - (-1 + (32 - 16))?
-4
What is (25 - 6) + -29 + -7?
-17
What is the value of 0 + 4 - -5 - (12 + (-23 - -20))?
0
Calculate 7 - (-13 + -8 + 13 + -8).
23
What is the value of -16 + (12 - -7) - (-1 + 5 + 0)?
-1
What is the value of 17 + -4 + -36 + 35?
12
What is 9 + (18 - -2) + -12?
17
What is (-10 - (2 + -6 - -1)) + -13?
-20
-31 + 15 - -10 - 1
-7
What is the value of -413 + 421 - (-2 + 1 + 9)?
0
Evaluate -43 + 15 - (4 - (3 + -1)).
-30
What is the value of 40 - ((-1 - -29) + -5)?
17
What is 1 + -9 + (-33 + 13 - -24) + 27?
23
What is 10 - (-6 - (2 + -39))?
-21
What is the value of (-1 - -14) + (-54 - -66) + (-10 - 0)?
15
Evaluate (-49 - -15 - -10) + (5 - -2).
-17
What is the value of 1 + -2 + 1 - (-295 - -284)?
11
What is (18 - 0) + (-2 - (33 - 17 - 29))?
29
(-4 + 8 - 9) + 2 + (-7 - -16)
6
Evaluate (0 - -4) + (0 - -12) + (90 - 101).
5
What is 0 - ((1 - (-6 - 2 - 0)) + 0)?
-9
-1 - (2 - -3) - ((23 - 41) + 22)
-10
What is -13 - (-17 + -7) - (1 + (0 - -5))?
5
What is 1 + -3 + (20 - (4 + 12))?
2
(15 - (9 + 3)) + -5 + 1 + 8
7
4 - 4 - (1 + -1 - -12)
-12
10 + (-13 - (8 + 1 + -36))
24
(-35 - (-19 - 24)) + 17
25
What is the value of -3 - (12 + 7 + -17 + 3)?
-8
What is the value of -5 - (5 - (-3 + (1 - (-4 - -2))))?
-10
Evaluate -9 + (